= 2*l - 3. Let t(o) = -3*o + 6. Let i(r) = -4*r - 14. Let s be i(-6). Let d(q) = s*k(q) + 6*t(q). Calculate d(-4).
-2
Let r(l) be the first derivative of -l**4/4 + 4*l**3/3 - 3*l**2/2 + 3*l + 1. Let z be (8/(-10))/(1/(-5)). Calculate r(z).
-9
Suppose 3*v - 13 = 8. Let k(b) = v + 7*b - 2*b**2 + 3*b**2 - b. Calculate k(-5).
2
Let q(b) be the first derivative of b**2/2 + 4*b + 18. What is q(3)?
7
Let i be 3/6 + 2 + 0. Let p(j) be the first derivative of -i*j**2 - 1/3*j**3 + 2 - 2*j. Give p(-3).
4
Let p(a) = -3*a**3 - 9*a**2 - 2*a - 2. Let f(w) = w**3 + 5*w**2 + w + 1. Let u(x) = 11*f(x) + 6*p(x). Determine u(-1).
8
Let p be (1/3)/((-2)/(-18)). Let g(o) = 2 - 11 + p*o - 2*o. Suppose -10 = 5*w + 2*m, 3*m + 6 + 9 = 0. Calculate g(w).
-9
Suppose 4*s - 2*s - 10 = 0. Suppose -4*v + 3*j + 1 = 2, 4*j + 9 = -s*v. Let c(k) = k + 0*k**3 + 2*k**3 + 2*k**2 - 9*k**3. Calculate c(v).
8
Let b(z) be the second derivative of 1/12*z**4 + 0 + 3*z + 3*z**2 - 7/6*z**3. Give b(6).
0
Let c(v) be the second derivative of 3/2*v**2 + 1/6*v**3 + 2*v + 0. Give c(-3).
0
Suppose 48 = -2*b + 5*b. Suppose 7*k + b = 3*k. Let f(n) = 2*n**2 + n - 7. Let s(x) = x**2 + x - 3. Let c(o) = k*f(o) + 7*s(o). Give c(5).
-3
Let g(k) = -3 - 1 + 5*k**2 + 3 - 6*k - 6*k**2. Determine g(-5).
4
Suppose 2*g + 12 = 3*i - 6, 3*i - 21 = g. Let h(n) = n - 4*n - i + n. Calculate h(-7).
6
Let n be ((-39)/18 - -2)*-4. Let i(q) be the first derivative of n*q**3 + 2*q + 2*q**2 - 1. Determine i(-2).
2
Let w(u) = u**3 + 3*u**2 - 5*u - 2. Let x be w(-4). Suppose l - 3 = -2. Let p(y) = 4*y - l - 1 + y - 2*y. Determine p(x).
4
Let i be 0/(-8)*(-1 + 2). Let x(c) be the third derivative of 1/6*c**3 - c**2 + i*c + 1/24*c**4 + 0 - 1/60*c**5. Give x(-2).
-5
Let y(i) = i**3 + 4*i**2 - 5*i - 1. Let u(m) = -m**2 + 10*m - 8. Let n be u(9). Let h = n - 6. What is y(h)?
-1
Let m(v) = -v**3 + v**2 + 3*v - 2. Suppose 13*l = 15*l - 6. Calculate m(l).
-11
Let x = -22 - -27. Let a(w) = w + 0*w**3 - w**3 - 4*w - 5 + x*w**2 + 0*w**3. Determine a(4).
-1
Let x(b) = -b**3 - 3*b**2 + 6*b + 5. Let j be x(-4). Let d(r) = 5*r**2 - 10*r. Let v(c) = c**2 - c. Let w(t) = -d(t) + 6*v(t). Give w(j).
-3
Let x(o) be the second derivative of o**4/12 - o**2 + 2*o. Let m be x(-3). Let p(v) = -v + 9. Determine p(m).
2
Let a(u) be the first derivative of -u**2 - u + 3. Suppose 2*f - 2 = 2*s + 3*f, -2*s + 4*f = 22. Let o = s + 5. Determine a(o).
-5
Let k(f) be the third derivative of f**4/24 - 3*f**2 - 2*f. Suppose -5*q - 3 = -5*m - 13, 0 = 5*q - 2*m - 7. What is k(q)?
1
Suppose 5*p - 73 = -93. Let l(h) = h + 4. What is l(p)?
0
Let q(r) = -r + 6. Let j be 1*(4/10 + 28/5). Determine q(j).
0
Let v(d) = -d**2 - 3*d + 2. Suppose 0 = -2*r - 0*r - 8. Give v(r).
-2
Let u(v) = 3*v - 11. Let d(b) be the first derivative of -2*b**2 + 11*b - 4. Let k(x) = 2*d(x) + 3*u(x). What is k(7)?
-4
Let b(r) = r**3 - 3*r**2 - 4*r + 3. Let k(v) = -6*v - 2. Let m be k(-1). Determine b(m).
3
Let n(w) be the second derivative of -w**4/12 + w**2 + 13*w. Give n(-4).
-14
Let a(r) be the third derivative of 2*r**2 - 1/20*r**5 - 1/6*r**3 + 0 + 0*r**4 + 0*r. Let l = 2 + -3. Determine a(l).
-4
Let m(a) be the third derivative of -a**4/24 + a**3 + 29*a**2. Calculate m(3).
3
Let i(k) be the second derivative of 5*k**3/3 + k**2/2 + 5*k. Give i(-1).
-9
Let o(l) = l - 7*l**2 - 11*l**2 + 17*l**2 - 1. What is o(3)?
-7
Suppose 13*w - 14*w = 3. Let b(a) be the first derivative of -a**3/3 - 3*a**2 + a - 1. Determine b(w).
10
Let u be (-1)/((-4)/10)*2. Let v = -7 + u. Let m(q) = -2*q + 2 - 2*q**2 + 4 - q**3 - 4. Calculate m(v).
6
Let j(m) be the third derivative of m**9/8640 + m**7/5040 - m**6/720 - m**5/15 + 4*m**2. Let l(r) be the third derivative of j(r). Determine l(1).
7
Let d(m) = -13*m**2 - 4*m - 13. Let s(l) = -3*l**2 - l - 3. Let p(q) = -2*d(q) + 9*s(q). Let u be 4/(-3)*6/4. Calculate p(u).
-3
Suppose -p + 26 = 2*v, 4*v - 59 = -4*p + 37. Let r = p - 13. Suppose -r*x + 5*x - 24 = 0. Let t(q) = q**3 + 6*q**2 + q - 3. What is t(x)?
-9
Let d(q) = q - 2*q - 8 + 2. Give d(-5).
-1
Let k(w) be the first derivative of 11*w**2/2 - 28. Give k(-1).
-11
Let p = -57 + 141. Let v be 4/6 - p/(-36). Let j(y) = -y**2 + 6*y + 4. What is j(v)?
13
Let p be (0/2)/((-4)/(-2)). Suppose -5*k + 30 = 5. Let x(v) = -v**2 + p*v**2 - 4 + 3 + k*v. Give x(5).
-1
Let m(g) = -5*g**3 - 6*g**2 - 16*g - 11. Let u(n) = -n**3 - n**2 - 3*n - 2. Let h(f) = 2*m(f) - 11*u(f). Let p = -1 + 3. Let a be (1 - 1)/(1*p). Give h(a).
0
Let a = 39 + -34. Let v(x) = x**3 - 5*x**2 - 2*x - 4. Give v(a).
-14
Let c(y) be the second derivative of -y**6/240 + y**5/60 + y**4/4 - 6*y. Let k(d) be the third derivative of c(d). Calculate k(2).
-4
Let b(i) = -2 + 5*i - 11*i**2 - i + 6*i**2 + 4*i**2. What is b(3)?
1
Let c(w) be the second derivative of 5*w**4/12 + w**3/6 + w**2/2 + w. Let u = 8 + -9. Let o be (-7)/((-28)/(-8)) - u. Determine c(o).
5
Let w(k) be the third derivative of -k**4/24 - k**3/2 + 20*k**2. Determine w(4).
-7
Let h = -1 + 5. Let j(u) = 8*u**2 - 11*u + 13. Let l(f) = -7*f**2 + 10*f - 12. Let w(p) = 6*j(p) + 7*l(p). What is w(h)?
-6
Suppose 0*x = 5*x + 25. Let o(v) = -5*v**2 - 5 + 4*v**2 - 2*v**2 - 6*v + 2*v**2. Give o(x).
0
Let t(h) = -h**3 - h. Let a be t(1). Let f(k) = 0*k + 3 + 0 + 6*k. Determine f(a).
-9
Let y(q) = 3*q**2 - q. Suppose -o = o - 20. Let z be -2*o/(-4) - 2. Suppose -2*d = z*i + 7, -5*d = 4*i + 7 + 7. What is y(i)?
4
Suppose 4*y - 6 = p - 6*p, -3*p + 1 = 5*y. Let d(k) = k. Let c(j) = -6*j + 1 + 0*j + 3*j. Let f(s) = c(s) + d(s). What is f(p)?
-3
Let x(f) = -152*f**2 + f - 2*f + 149*f**2. Determine x(-1).
-2
Suppose 2*h - 269 + 275 = 0. Let l(p) = 3*p - 1. Calculate l(h).
-10
Let z(y) be the first derivative of y**4/12 - y**3/3 + 3*y**2/2 + 2. Let k(w) be the second derivative of z(w). Give k(3).
4
Let g(o) be the first derivative of 3/2*o**2 - 7 - 5*o. Give g(4).
7
Let o(q) be the second derivative of q**5/120 - q**4/4 + q**3 - q. Let f(t) be the second derivative of o(t). Calculate f(4).
-2
Let b(u) be the first derivative of u**3/3 + 2*u**2 + 2*u - 27. What is b(-4)?
2
Let x = 67 - 72. Let t(n) = n**2 + 6*n + 5. Calculate t(x).
0
Let h = 2 + -1. Let k(d) = -d**2 - 4. Let l be ((-4)/(-2))/(7/(-28)). Let x(m) = -2*m**2 - 11. Let t(g) = l*k(g) + 3*x(g). Give t(h).
1
Let p(g) be the first derivative of 3*g**2 - 60. Determine p(1).
6
Let n(l) be the second derivative of l**5/20 + 5*l**4/12 + l**3/6 + l**2 - 2*l. Let y(c) = c**2 - 9*c + 15. Let x be y(5). Give n(x).
-3
Let z(c) = -2*c - 2 - 1 - 3*c. Let d(k) be the third derivative of k**4/24 + k**3/6 + 4*k**2. Let v(i) = -4*d(i) - z(i). What is v(1)?
0
Suppose 0 = 5*x - 2 - 78. Let z = x - 12. Let i(l) = -3*l - 1. Determine i(z).
-13
Let g(q) be the second derivative of 3*q - 3/2*q**2 + 0 - 1/3*q**3. Calculate g(-4).
5
Suppose o + 6*g - 9 = 4*g, 0 = -5*o + 4*g + 3. Suppose 0 = -o*q - q. Suppose 4*d + 16 + q = -v, 4*d + 32 = 3*v. Let k(z) = -z**2 + 3*z + 5. What is k(v)?
1
Let y(w) = -w - 3. Let a(z) = z**2 - 1. Suppose -3*h - 5 = 2*h. Let x be a(h). Calculate y(x).
-3
Let g(u) = 261*u - 260*u + 3 + 3. Determine g(0).
6
Let g(p) = p**3 - 4*p**2 - 5. Let c(n) = -3*n**2 - n + 2. Let f be c(-2). Let t be (-12)/f + (-2)/4. Let i be (t - -2) + -1 + 2. Calculate g(i).
-5
Let f be (2 - 4)*14/(-8)*2. Let u(d) = d**3 - 8*d**2 + 6*d - 9. Give u(f).
-16
Let o(t) = -1 + 2 - 1 - t. Let q(r) = 7*r + 2. Let l(b) = 6*o(b) + q(b). Give l(0).
2
Let y(n) = n + 4. Let x be 1 - -2*(2 + (-20)/8). Give y(x).
4
Suppose 2*t = 5*t + 4*s - 33, 3*t - 57 = 4*s. Let y(n) = n**2 + 0*n**2 - 19*n + t*n. Calculate y(3).
-3
Let i(c) be the third derivative of c**5/60 - c**4/12 + 2*c**2. Let k be i(2). Let r(d) be the second derivative of -d**5/20 + 3*d**2 - d. Give r(k).
6
Let n(p) = p**3 + 4*p**2 + 2*p - 2. Let q(j) = j + 10. Let c be q(-8). Let t be c - (-2)/((-6)/15). Calculate n(t).
1
Let i(x) = 17*x - 7. Let u(h) = 52*h - 20. Let b(k) = -17*i(k) + 6*u(k). Calculate b(1).
22
Suppose 3*x + f + 34 = 0, -f - f = -4*x - 52. Let n be (-1)/(1/(-18)*-2). Let v be x/n*(-6)/4. Let q(k) = k**2 + 3*k + 3. Calculate q(v).
1
Let o(h) be the second derivative of h**6/360 - h**5/40 + h**4/6 + 2*h. Let u(a) be the third derivative of o(a). Calculate u(2).
1
Let q(n) = -n**2 + 3*n + 1. Let y be (-13)/(-4